[INFO] cloning repository https://github.com/rschifflin/rust-pubsub
[INFO] running `Command { std: "git" "-c" "credential.helper=" "-c" "credential.helper=/workspace/cargo-home/bin/git-credential-null" "clone" "--bare" "https://github.com/rschifflin/rust-pubsub" "/workspace/cache/git-repos/https%3A%2F%2Fgithub.com%2Frschifflin%2Frust-pubsub", kill_on_drop: false }`
[INFO] [stderr] Cloning into bare repository '/workspace/cache/git-repos/https%3A%2F%2Fgithub.com%2Frschifflin%2Frust-pubsub'...
[INFO] running `Command { std: "git" "rev-parse" "HEAD", kill_on_drop: false }`
[INFO] [stdout] b07e4f397f298b5bfc7e977b2a18db0a64d010e1
[INFO] checking rschifflin/rust-pubsub against master#cfbc6d4cf1acbac5c025acf8ed68929caa551df3 for pr-75494-beta
[INFO] running `Command { std: "git" "clone" "/workspace/cache/git-repos/https%3A%2F%2Fgithub.com%2Frschifflin%2Frust-pubsub" "/workspace/builds/worker-3/source", kill_on_drop: false }`
[INFO] [stderr] Cloning into '/workspace/builds/worker-3/source'...
[INFO] [stderr] done.
[INFO] validating manifest of git repo https://github.com/rschifflin/rust-pubsub on toolchain cfbc6d4cf1acbac5c025acf8ed68929caa551df3
[INFO] running `Command { std: "/workspace/cargo-home/bin/cargo" "+cfbc6d4cf1acbac5c025acf8ed68929caa551df3" "read-manifest" "--manifest-path" "Cargo.toml", kill_on_drop: false }`
[INFO] started tweaking git repo https://github.com/rschifflin/rust-pubsub
[INFO] finished tweaking git repo https://github.com/rschifflin/rust-pubsub
[INFO] tweaked toml for git repo https://github.com/rschifflin/rust-pubsub written to /workspace/builds/worker-3/source/Cargo.toml
[INFO] crate git repo https://github.com/rschifflin/rust-pubsub already has a lockfile, it will not be regenerated
[INFO] running `Command { std: "/workspace/cargo-home/bin/cargo" "+cfbc6d4cf1acbac5c025acf8ed68929caa551df3" "fetch" "--locked" "--manifest-path" "Cargo.toml", kill_on_drop: false }`
[INFO] running `Command { std: "docker" "create" "-v" "/var/lib/crater-agent-workspace/builds/worker-3/target:/opt/rustwide/target:rw,Z" "-v" "/var/lib/crater-agent-workspace/builds/worker-3/source:/opt/rustwide/workdir:ro,Z" "-v" "/var/lib/crater-agent-workspace/cargo-home:/opt/rustwide/cargo-home:ro,Z" "-v" "/var/lib/crater-agent-workspace/rustup-home:/opt/rustwide/rustup-home:ro,Z" "-e" "SOURCE_DIR=/opt/rustwide/workdir" "-e" "CARGO_TARGET_DIR=/opt/rustwide/target" "-e" "CARGO_HOME=/opt/rustwide/cargo-home" "-e" "RUSTUP_HOME=/opt/rustwide/rustup-home" "-w" "/opt/rustwide/workdir" "-m" "1610612736" "--user" "0:0" "--network" "none" "rustops/crates-build-env@sha256:a636fd89d022f18117e1dc8fb37a0a009933cdbbe082814857f0e2024962d47c" "/opt/rustwide/cargo-home/bin/cargo" "+cfbc6d4cf1acbac5c025acf8ed68929caa551df3" "metadata" "--no-deps" "--format-version=1", kill_on_drop: false }`
[INFO] [stdout] 0db211597e49f88b352ff13f6efc8bb8b29bae21004e90f6b04ef7b6ccc28ba2
[INFO] [stderr] WARNING: Your kernel does not support swap limit capabilities or the cgroup is not mounted. Memory limited without swap.
[INFO] running `Command { std: "docker" "start" "-a" "0db211597e49f88b352ff13f6efc8bb8b29bae21004e90f6b04ef7b6ccc28ba2", kill_on_drop: false }`
[INFO] running `Command { std: "docker" "inspect" "0db211597e49f88b352ff13f6efc8bb8b29bae21004e90f6b04ef7b6ccc28ba2", kill_on_drop: false }`
[INFO] running `Command { std: "docker" "rm" "-f" "0db211597e49f88b352ff13f6efc8bb8b29bae21004e90f6b04ef7b6ccc28ba2", kill_on_drop: false }`
[INFO] [stdout] 0db211597e49f88b352ff13f6efc8bb8b29bae21004e90f6b04ef7b6ccc28ba2
[INFO] running `Command { std: "docker" "create" "-v" "/var/lib/crater-agent-workspace/builds/worker-3/target:/opt/rustwide/target:rw,Z" "-v" "/var/lib/crater-agent-workspace/builds/worker-3/source:/opt/rustwide/workdir:ro,Z" "-v" "/var/lib/crater-agent-workspace/cargo-home:/opt/rustwide/cargo-home:ro,Z" "-v" "/var/lib/crater-agent-workspace/rustup-home:/opt/rustwide/rustup-home:ro,Z" "-e" "SOURCE_DIR=/opt/rustwide/workdir" "-e" "CARGO_TARGET_DIR=/opt/rustwide/target" "-e" "CARGO_INCREMENTAL=0" "-e" "RUST_BACKTRACE=full" "-e" "RUSTFLAGS=--cap-lints=forbid" "-e" "CARGO_HOME=/opt/rustwide/cargo-home" "-e" "RUSTUP_HOME=/opt/rustwide/rustup-home" "-w" "/opt/rustwide/workdir" "-m" "1610612736" "--user" "0:0" "--network" "none" "rustops/crates-build-env@sha256:a636fd89d022f18117e1dc8fb37a0a009933cdbbe082814857f0e2024962d47c" "/opt/rustwide/cargo-home/bin/cargo" "+cfbc6d4cf1acbac5c025acf8ed68929caa551df3" "check" "--frozen" "--all" "--all-targets" "--message-format=json", kill_on_drop: false }`
[INFO] [stdout] 2b21b873137a5b7dae5eab7b3cfe731b8f435d8ab3be018787cb6cd45fe8f169
[INFO] [stderr] WARNING: Your kernel does not support swap limit capabilities or the cgroup is not mounted. Memory limited without swap.
[INFO] running `Command { std: "docker" "start" "-a" "2b21b873137a5b7dae5eab7b3cfe731b8f435d8ab3be018787cb6cd45fe8f169", kill_on_drop: false }`
[INFO] [stderr]     Checking pubsub v0.0.1 (/opt/rustwide/workdir)
[INFO] [stdout] error[E0554]: `#![feature]` may not be used on the beta release channel
[INFO] [stdout]  --> src/lib.rs:1:1
[INFO] [stdout]   |
[INFO] [stdout] 1 | #![feature(std_misc)]
[INFO] [stdout]   | ^^^^^^^^^^^^^^^^^^^^^
[INFO] [stdout] 
[INFO] [stdout] 
[INFO] [stdout] error[E0554]: `#![feature]` may not be used on the beta release channel
[INFO] [stdout]  --> src/lib.rs:1:1
[INFO] [stdout]   |
[INFO] [stdout] 1 | #![feature(std_misc)]
[INFO] [stdout]   | ^^^^^^^^^^^^^^^^^^^^^
[INFO] [stdout] 
[INFO] [stdout] 
[INFO] [stdout] error[E0369]: cannot add `&[Event<Channel, Payload>]` to `std::vec::Vec<Event<Channel, Payload>>`
[INFO] [stdout]   --> src/lib.rs:49:33
[INFO] [stdout]    |
[INFO] [stdout] 49 |         self.event_queue = head + &*tail;
[INFO] [stdout]    |                            ---- ^ ------ &[Event<Channel, Payload>]
[INFO] [stdout]    |                            |
[INFO] [stdout]    |                            std::vec::Vec<Event<Channel, Payload>>
[INFO] [stdout] 
[INFO] [stdout] 
[INFO] [stdout] error: aborting due to 2 previous errors
[INFO] [stdout] 
[INFO] [stdout] 
[INFO] [stdout] Some errors have detailed explanations: E0369, E0554.
[INFO] [stdout] 
[INFO] [stdout] For more information about an error, try `rustc --explain E0369`.
[INFO] [stdout] 
[INFO] [stdout] error[E0369]: cannot add `&[Event<Channel, Payload>]` to `std::vec::Vec<Event<Channel, Payload>>`
[INFO] [stdout]   --> src/lib.rs:49:33
[INFO] [stdout]    |
[INFO] [stdout] 49 |         self.event_queue = head + &*tail;
[INFO] [stdout]    |                            ---- ^ ------ &[Event<Channel, Payload>]
[INFO] [stdout]    |                            |
[INFO] [stdout]    |                            std::vec::Vec<Event<Channel, Payload>>
[INFO] [stdout] 
[INFO] [stdout] 
[INFO] [stderr] error: could not compile `pubsub`.
[INFO] [stderr] 
[INFO] [stderr] To learn more, run the command again with --verbose.
[INFO] [stderr] warning: build failed, waiting for other jobs to finish...
[INFO] [stdout] error: aborting due to 2 previous errors
[INFO] [stdout] 
[INFO] [stdout] 
[INFO] [stdout] Some errors have detailed explanations: E0369, E0554.
[INFO] [stdout] 
[INFO] [stdout] For more information about an error, try `rustc --explain E0369`.
[INFO] [stdout] 
[INFO] [stderr] error: build failed
[INFO] running `Command { std: "docker" "inspect" "2b21b873137a5b7dae5eab7b3cfe731b8f435d8ab3be018787cb6cd45fe8f169", kill_on_drop: false }`
[INFO] running `Command { std: "docker" "rm" "-f" "2b21b873137a5b7dae5eab7b3cfe731b8f435d8ab3be018787cb6cd45fe8f169", kill_on_drop: false }`
[INFO] [stdout] 2b21b873137a5b7dae5eab7b3cfe731b8f435d8ab3be018787cb6cd45fe8f169
